a factor of 2612680?
True
Does 325 divide 16772891?
False
Is 3290 a factor of 17976560?
True
Does 1257 divide 253455412?
False
Does 512 divide 31599616?
True
Is 74 a factor of 9843998?
True
Is 3 a factor of 177159177?
True
Does 2736 divide 109218384?
True
Is 13 a factor of 9084621?
True
Is 434035224 a multiple of 7?
True
Does 8 divide 240723983?
False
Is 133 a factor of 849475639?
False
Is 12 a factor of 195001873?
False
Is 701125740 a multiple of 756?
True
Is 121 a factor of 367940772?
False
Is 13 a factor of 14806603?
False
Is 529981880 a multiple of 43?
True
Does 12 divide 86190060?
True
Does 11 divide 15778961?
True
Is 1377 a factor of 5249431071?
True
Does 37 divide 513421445?
False
Does 153 divide 8218368?
False
Is 3658 a factor of 1185806544?
True
Is 1125 a factor of 288810000?
True
Is 13829460 a multiple of 20?
True
Does 2 divide 23286707?
False
Does 3593 divide 47039556?
True
Is 61590200 a multiple of 29?
True
Is 5 a factor of 33187892?
False
Is 2096 a factor of 77589728?
True
Does 1240 divide 518471280?
True
Is 61 a factor of 513644790?
False
Is 42007979 a multiple of 47?
False
Is 15 a factor of 14606424?
False
Is 6 a factor of 41683764?
True
Is 15694034 a multiple of 10?
False
Is 162098939 a multiple of 742?
False
Is 19721474 a multiple of 61?
False
Does 142 divide 31144576?
True
Is 173 a factor of 81503414?
True
Does 121 divide 362337804?
False
Is 1904544717 a multiple of 10?
False
Does 5 divide 14004770?
True
Does 483 divide 32895758?
False
Is 335896320 a multiple of 801?
False
Is 46 a factor of 54125200?
False
Does 7 divide 653492105?
True
Is 1174 a factor of 137176795?
False
Does 12 divide 22214965?
False
Does 30 divide 5361779?
False
Does 38 divide 1758595350?
True
Is 90 a factor of 18263755?
False
Is 849 a factor of 198923774?
False
Is 7098916 a multiple of 1042?
False
Is 389044442 a multiple of 140?
False
Is 1263 a factor of 52640418?
False
Does 6821 divide 649453125?
False
Is 222 a factor of 29834543?
False
Is 22335971 a multiple of 1247?
False
Is 2 a factor of 3827866?
True
Is 26167407 a multiple of 237?
True
Does 236 divide 48941813?
False
Is 5 a factor of 86637728?
False
Is 10 a factor of 28833096?
False
Is 2247 a factor of 81413304?
True
Is 21155024 a multiple of 22?
True
Is 25 a factor of 484070925?
True
Is 65737628 a multiple of 265?
False
Is 2696684544 a multiple of 72?
True
Does 47 divide 4979097?
False
Is 122 a factor of 34120322?
False
Is 393 a factor of 611454606?
False
Is 11 a factor of 422786034?
True
Is 2046912 a multiple of 7?
True
Does 26 divide 250794024?
True
Is 4485468 a multiple of 14?
False
Does 12 divide 101789788?
False
Is 65 a factor of 1729551980?
True
Is 1371 a factor of 43795224?
True
Is 227 a factor of 10298082?
True
Is 31938204 a multiple of 309?
False
Is 134997858 a multiple of 786?
True
Does 408 divide 421999315?
False
Is 28 a factor of 60843944?
True
Is 843 a factor of 982513650?
False
Does 2202 divide 11582520?
True
Does 914 divide 112256566?
True
Does 197 divide 91369055?
False
Is 9045298 a multiple of 106?
True
Is 427123319 a multiple of 110?
False
Is 13199 a multiple of 2?
False
Is 3312 a factor of 206737321?
False
Is 738122056 a multiple of 14?
True
Is 24984036 a multiple of 252?
True
Does 8422 divide 1299085078?
True
Is 273 a factor of 277355169?
True
Is 6 a factor of 349440918?
True
Does 102 divide 73122066?
True
Is 6 a factor of 8824296?
True
Is 607254886 a multiple of 81?
False
Does 38 divide 261627125?
False
Is 26090676 a multiple of 109?
True
Is 5 a factor of 21056836?
False
Does 29 divide 51564987?
True
Does 93 divide 297845148?
True
Is 463 a factor of 225535404?
False
Is 1422324 a multiple of 18?
True
Is 115 a factor of 78380358?
False
Is 7 a factor of 2757019?
False
Does 2797 divide 1461118696?
False
Does 57 divide 27976104?
False
Does 1705 divide 7396716?
False
Is 11 a factor of 120445776?
True
Does 90 divide 2890074960?
True
Does 19 divide 9203984?
False
Does 2788 divide 9504292?
True
Is 59773245 a multiple of 611?
False
Is 1599034052 a multiple of 61?
False
Is 10362825 a multiple of 80?
False
Is 159 a factor of 5516989169?
False
Does 64 divide 1409599?
False
Does 212 divide 1284858012?
True
Is 5 a factor of 11208389?
False
Is 76053505 a multiple of 11?
True
Is 137820165 a multiple of 9?
False
Is 11 a factor of 189862650?
False
Is 1954311480 a multiple of 12494?
True
Does 42 divide 1026255510?
True
Is 18131480 a multiple of 40?
True
Is 7 a factor of 106759072?
True
Is 38 a factor of 39180248?
False
Is 11 a factor of 9302794?
False
Is 72970651 a multiple of 146?
False
Is 1100 a factor of 150075260?
False
Does 4511 divide 3572941790?
False
Does 77 divide 1617518549?
False
Is 445950120 a multiple of 1309?
True
Does 24 divide 2399416176?
True
Is 656 a factor of 11800128?
True
Is 233 a factor of 79586975?
True
Is 431 a factor of 3974129889?
True
Is 202 a factor of 27672788?
True
Is 403604783 a multiple of 59?
False
Is 654 a factor of 71429880?
True
Is 5 a factor of 3664975?
True
Is 416839293 a multiple of 7?
False
Is 56 a factor of 64473463?
False
Is 14237615 a multiple of 1900?
False
Is 741 a factor of 62981471?
False
Is 1544350 a multiple of 21?
False
Is 339 a factor of 21683938?
False
Is 49 a factor of 763586061?
True
Is 4594151 a multiple of 52?
False
Does 39 divide 187915421?
False
Is 3926891220 a multiple of 5281?
False
Is 4494 a factor of 1100751726?
False
Is 1241 a factor of 27325593?
False
Is 2554968 a multiple of 89?
False
Is 47044053 a multiple of 217?
False
Is 394639975 a multiple of 5?
True
Is 873 a factor of 45514728?
True
Is 837 a factor of 1862722979?
False
Is 12424996 even?
True
Is 34600945 a multiple of 46?
False
Is 139 a factor of 151870035?
False
Does 93 divide 456599031?
True
Is 14 a factor of 1150825421?
False
Does 87 divide 110820861?
True
Is 7253 a factor of 280386474?
True
Is 364 a factor of 1680575624?
True
Is 1067 a factor of 57229640?
False
Is 7689938 a multiple of 17?
False
Is 6179 a factor of 29424213?
False
Does 31 divide 5977897?
False
Is 6744283 a multiple of 7?
True
Does 4784 divide 8366560592?
True
Is 19600776 a multiple of 8?
True
Does 18 divide 723895992?
True
Is 14 a factor of 12287100?
True
Does 352 divide 69554775?
False
Does 399 divide 21584703?
True
Is 11 a factor of 8066006?
False
Is 102792846 a multiple of 663?
True
Is 245 a factor of 32830490?
True
Is 3030 a factor of 73976232?
False
Does 1501 divide 64340365?
True
Is 55788798 a multiple of 221?
True
Does 960 divide 44308800?
True
Is 291 a factor of 288696083?
False
Is 1157 a factor of 78863132?
False
Does 8 divide 95258547?
False
Is 597780272 a multiple of 11?
False
Does 6787 divide 191250873?
True
Does 494 divide 291375032?
True
Is 17881416 a multiple of 714?
True
Is 23524770 a multiple of 34?
True
Is 15655230 a multiple of 9?
True
Is 46850622 a multiple of 159?
True
Is 115127012 a multiple of 1728?
False
Does 4 divide 285869599?
False
Is 43468466 a multiple of 38?
True
Does 1429 divide 492828989?
False
Is 90 a factor of 26294239?
False
Is 298705995 a multiple of 149?
False
Does 18 divide 74415708?
True
Does 294 divide 363864984?
True
Is 134720250 a multiple of 42?
True
Is 105 a factor of 9375675?
False
Does 15 divide 726820155?
True
Is 1177 a factor of 25786893?
True
Is 14 a factor of 9822528?
False
Does 43 divide 15375897?
True
Is 396514341 a multiple of 6309?
True
Is 58 a factor of 4805782678?
False
Is 10 a factor of 8301800?
True
Is 51 a factor of 711499470?
True
Is 624 a factor of 354858299?
False
Is 4759961480 a multiple of 467?
False
Does 112 divide 79638169?
False
Is 6330033 a multiple of 307?
True
Is 11 a factor of 88041349?
True
Is 526 a factor of 101857270?
True
Is 1346501 a multiple of 12?
False
Is 164504508 a multiple of 354?
True
Does 16 divide 24913072?
True
Is 14 a factor of 169264662?
True
Is 40 a factor of 1642920054?
False
Is 87 a factor of 896069463?
True
Is 1654779814 a multiple of 21?
False
Does 13 divide 1324951163?
False
Is 30205986 a multiple of 206?
True
Does 925 divide 16716492?
False
Is 35230672 a multiple of 488?
True
Is 12529495 a multiple of 517?
True
Does 15 divide 13933920?
True
Is 24698672 a multiple of 8?
True
Is 1821302 a multiple of 4?
False
Is 18065750 a multiple of 25?
True
Is 189224464 a multiple of 8?
True
Is 18 a factor of 106686654?
False
